65
In base 16, what is 1 + -28a?
-289
In base 14, what is -7 - -1d?
16
In base 6, what is 153 + -11?
142
In base 11, what is 109 - 52?
67
In base 3, what is -221 - -212?
-2
In base 13, what is -93 + 38?
-58
In base 7, what is -103 + 52?
-21
In base 3, what is -20200 + -122?
-21022
In base 8, what is 110 - -235?
345
In base 10, what is 14 + -888?
-874
In base 14, what is 2 + -db?
-d9
In base 9, what is -4 + 354?
350
In base 12, what is -132 - -1?
-131
In base 13, what is 5 + -644?
-63c
In base 5, what is -3233 + -4?
-3242
In base 14, what is 1 + -57?
-56
In base 9, what is -75 - -2?
-73
In base 2, what is -10101 + 10011?
-10
In base 14, what is 6 + -4?
2
In base 7, what is -1564 + 1?
-1563
In base 7, what is 5003 + -1?
5002
In base 6, what is -152 - -1?
-151
In base 12, what is -5 - -48?
43
In base 2, what is 100 + 100100011?
100100111
In base 5, what is 2 - -4214?
4221
In base 15, what is 82 + -39?
48
In base 3, what is 1 + -12112?
-12111
In base 15, what is 1 + 718?
719
In base 15, what is 0 - 9e?
-9e
In base 11, what is -a01 + 7?
-9a5
In base 3, what is 2 + 2010?
2012
In base 14, what is 8 - -1c2?
1ca
In base 5, what is 322 + 1?
323
In base 6, what is 2222 + -4?
2214
In base 10, what is 777 - -6?
783
In base 10, what is 2 + 424?
426
In base 16, what is -2d - -24?
-9
In base 8, what is -1 + -1646?
-1647
In base 5, what is 113141 - 4?
113132
In base 16, what is 5b - 5?
56
In base 4, what is 12 + 112?
130
In base 8, what is -1575 + 4?
-1571
In base 4, what is -32 - -3212?
3120
In base 16, what is -14 + 31?
1d
In base 4, what is 112211 - -2?
112213
In base 4, what is 2 + -212?
-210
In base 6, what is -41 + 541?
500
In base 13, what is 5 - -71?
76
In base 6, what is -3 + 131?
124
In base 13, what is -7b2 - -5?
-7aa
In base 9, what is -13 - 0?
-13
In base 13, what is 2 - -277?
279
In base 3, what is -10220 - 1?
-10221
In base 12, what is -1b - 93?
-b2
In base 16, what is 2 + a5?
a7
In base 10, what is 1587 + 3?
1590
In base 16, what is -2d - -1?
-2c
In base 8, what is 2 - -2615?
2617
In base 5, what is -1134100 - 4?
-1134104
In base 2, what is -100001 + -11110?
-111111
In base 7, what is 42 - 30?
12
In base 5, what is 120134 + -3?
120131
In base 7, what is -11204 + -4?
-11211
In base 2, what is 10101010 - -1011?
10110101
In base 11, what is 5 + -55?
-50
In base 9, what is 4 + 68?
73
In base 5, what is 11 + -24?
-13
In base 12, what is -5 - -56a?
565
In base 9, what is 3 + 112?
115
In base 13, what is 5a - 28?
32
In base 12, what is -3 - -22?
1b
In base 3, what is -212112 + -112?
-220001
In base 14, what is -11 + 70?
5d
In base 14, what is 13 + -185?
-172
In base 2, what is -100011 - 101111?
-1010010
In base 14, what is 4 - 76?
-72
In base 10, what is -5 - -57?
52
In base 11, what is 70 - 0?
70
In base 10, what is 7 + -236?
-229
In base 10, what is -3 + -210?
-213
In base 14, what is -4d8 + -2?
-4da
In base 6, what is -3 - -502?
455
In base 11, what is 4 - 140?
-137
In base 12, what is 8 - -36?
42
In base 2, what is 10010 + -1?
10001
In base 3, what is -222101200 - 12?
-222101212
In base 10, what is 1718 + -2?
1716
In base 6, what is 4 + -4?
0
In base 7, what is -30434 - 5?
-30442
In base 11, what is 42 - -198?
22a
In base 7, what is 6531 + 1?
6532
In base 4, what is 1 - 1012?
-1011
In base 3, what is -1 - 1220?
-1221
In base 4, what is 1002 + 11?
1013
In base 16, what is -813b + -5?
-8140
In base 13, what is -12 - c?
-21
In base 12, what is 0 - 30a?
-30a
In base 2, what is 10001 + 1100?
11101
In base 6, what is -4 + 342?
334
In base 3, what is -222022 + 0?
-222022
In base 2, what is 11000 + -1000011?
-101011
In base 9, what is -2021 - 17?
-2038
In base 5, what is -3 - 311?
-314
In base 11, what is -20 + 224?
204
In base 2, what is 100 + 101?
1001
In base 3, what is 10 - 10201?
-10121
In base 7, what is -25503 - -4?
-25466
In base 5, what is 2241 + -2?
2234
In base 2, what is 1 + -11011?
-11010
In base 12, what is -2 + -133?
-135
In base 13, what is -67a - -2?
-678
In base 5, what is -11043 - 2?
-11100
In base 12, what is -20bb - -3?
-20b8
In base 9, what is -6184 + 5?
-6178
In base 7, what is -613 - 5?
-621
In base 6, what is 1 + -1225?
-1224
In base 10, what is -423 - 1?
-424
In base 15, what is 14e1 + 4?
14e5
In base 16, what is 25 + -2?
23
In base 3, what is -2 - 22110?
-22112
In base 11, what is -3 - -2145?
2142
In base 6, what is 5 - -43?
52
In base 11, what is 5 + -13a?
-135
In base 9, what is 5 - 655?
-650
In base 13, what is -4 - 156?
-15a
In base 14, what is -1 - 69?
-6a
In base 11, what is -12a + -16?
-145
In base 4, what is -332 - 3110?
-10102
In base 13, what is -281 - -3?
-27b
In base 2, what is 100000100001 + -11?
100000011110
In base 9, what is 6 - -8?
15
In base 13, what is -2b6 + 0?
-2b6
In base 3, what is -12 - 2011221?
-2012010
In base 10, what is 451 + -7?
444
In base 16, what is -1 - 2?
-3
In base 16, what is -4 - -46?
42
In base 13, what is -3 - 176?
-179
In base 3, what is 1 - -121211?
121212
In base 13, what is -3 - 100?
-103
In base 13, what is 468 + -2?
466
In base 5, what is -10 + -2103?
-2113
In base 6, what is -2 - 1423?
-1425
In base 14, what is 3 + -63?
-60
In base 7, what is 0 + 50?
50
In base 13, what is 31 + -3c?
-b
In base 10, what is 5 - 294?
-289
In base 13, what is -938 + 4?
-934
In base 4, what is 23 + -2000?
-1311
In base 3, what is 1111 + -10?
1101
In base 3, what is -1121 - 1001?
-2122
In base 15, what is -1 + -1bc?
-1bd
In base 16, what is 822 + -3?
81f
In base 2, what is -1 - 10011111?
-10100000
In base 3, what is -2 - 21100112?
-21100121
In base 13, what is -1 + 15?
14
In base 12, what is -93 - -6?
-89
In base 5, what is 12 + -24?
-12
In base 12, what is 3 + 24?
27
In base 14, what is -7 - 104?
-10b
In base 6, what is -4 - 5312?
-5320
In base 4, what is 10 + 120311?
120321
In base 14, what is -26 - -14?
-12
In base 6, what is 3315 - -30?
3345
In base 5, what is -4 - -4421?
4412
In base 15, what is 3c + -e?
2d
In base 10, what is -3 - 27?
-30
In base 11, what is -2 - -1a?
18
In base 6, what is -2 + 423?
421
In base 10, what is 3 + -17?
-14
In base 10, what is 75 + -30?
45
In base 4, what is 1 + 11223?
11230
In base 12, what is 4554 + 2?
4556
In base 5, what is -24104 - -2?
-24102
In base 12, what is 6 - 27?
-21
In base 13, what is 7035 + 0?
7035
In base 11, what is 4 - -167?
170
In base 9, what is 4 - -6645?
6650
In base 6, what is 2 + -2040?
-2034
In base 9, what is 12 - -316?
328
In base 3, what is -12 - -101?
12
In base 12, what is 6 - 10?
-6
In base 2, what is -10110000 - 101?
-10110101
In base 12, what is 5 - 274a?
-2745
In base 13, what is 1 - -a09?
a0a
In base 15, what is -5 - -125?
120
In base 6, what is -5 - 12222?
-12231
In base 5, what is -142100 + -1?
-142101
In base 12, what is -a - -23?
15
In base 16, what is -c6 - -b?
-bb
In base 3, what is 10 + -100012?
-100002
In base 11, what is -3 + 777?
774
In base 16, what is -14 - 3?
-17
In base 4, what is -3103 - -213?
-2230
In base 15, what is 166 + 4?
16a
In base 4, what is -3 - 0?
-3
In base 15, what is 2e - -e?
3d
In base 7, what is -5 - -110?
102
In base 4, what is -1022 + -10?
-1032
In base 5, what is 301333 - 3?
301330
In base 10, what is -98 - -2?
-96
In base 8, what is -122 - 4?
-126
In base 9, what is -425 - 1?
-426
In base 8, what is 6 + 351?
357
In base 4, what is -1 - 21011?
-21012
In base 3, what is 121001 - -1?
121002
In base 15, what is -2 - 416?
-418
In base 11, what is 257 + 4?
260
In base 16, what is -1 - b?
-c
In base 6, what is 2 - -501?
503
In base 10, what is 1009 - 2?
1007
In base 8, what is 13 + 23?
36
In base 4, what is -21 + -21220?
-21301
In base 4, what is 11 - -121313?
121330
In base 5, what is -1 + 4?
3
In base 8, what is -10 + -12?
-22
In base 12, what is -9 + -19b?
-1a8
In base 3, what is 221 - 2?
212
In base 4, what is -1332 + -200?
-2132
In base 2, what is -100000000010 - -101?
-11111111101
In base 15, what is -235 + -4?
-239
In base 4, what is 3113 + 313?
10032
In base 10, what is -171 + -5?
-176
In base 7, what is -1354 - 4?
-1361
In base 13, what is 1c + -384?
-365
In base 15, what is -8 - -5e1?
5d8
In base 8, what is -13012 - -1?
-13011
In base 7, what is 3321 - 6?
3312
In base 5, what is 0 + 31?
31
In base 15, what is 3 - -7?
a
In base 11, what is -20 + 0?
-20
In base 9, what is 14 + 21?
35
In base 3, wh